?
2
What is the thousands digit of 18022?
8
What is the ten millions digit of 35568118?
3
What is the ten millions digit of 34485727?
3
What is the tens digit of 197870?
7
What is the hundred thousands digit of 401635?
4
What is the units digit of 4107797?
7
What is the hundreds digit of 1777140?
1
What is the hundred thousands digit of 400232?
4
What is the thousands digit of 3686567?
6
What is the millions digit of 19869197?
9
What is the tens digit of 3147895?
9
What is the units digit of 1204576?
6
What is the millions digit of 20645649?
0
What is the hundreds digit of 123010?
0
What is the tens digit of 316579?
7
What is the ten thousands digit of 1576622?
7
What is the ten thousands digit of 6966811?
6
What is the tens digit of 25094136?
3
What is the hundred thousands digit of 2422471?
4
What is the tens digit of 239527?
2
What is the tens digit of 7998923?
2
What is the tens digit of 6195828?
2
What is the ten thousands digit of 808353?
0
What is the ten thousands digit of 126491?
2
What is the tens digit of 7350341?
4
What is the units digit of 1189828?
8
What is the tens digit of 4031027?
2
What is the hundreds digit of 310371?
3
What is the ten thousands digit of 596499?
9
What is the millions digit of 13413693?
3
What is the tens digit of 244195?
9
What is the ten thousands digit of 3064021?
6
What is the millions digit of 2282403?
2
What is the hundreds digit of 189975?
9
What is the millions digit of 1173866?
1
What is the tens digit of 1687374?
7
What is the units digit of 794834?
4
What is the units digit of 237958?
8
What is the tens digit of 4281896?
9
What is the hundred thousands digit of 676944?
6
What is the tens digit of 962198?
9
What is the hundred thousands digit of 785361?
7
What is the units digit of 14231949?
9
What is the tens digit of 91482?
8
What is the tens digit of 14021032?
3
What is the millions digit of 3143277?
3
What is the tens digit of 3829020?
2
What is the hundreds digit of 27987851?
8
What is the hundreds digit of 328452?
4
What is the ten thousands digit of 2981944?
8
What is the tens digit of 2171222?
2
What is the hundreds digit of 12782846?
8
What is the ten thousands digit of 6935093?
3
What is the hundred thousands digit of 753723?
7
What is the ten thousands digit of 482774?
8
What is the millions digit of 1124582?
1
What is the hundred thousands digit of 352893?
3
What is the tens digit of 2716789?
8
What is the tens digit of 2399497?
9
What is the tens digit of 480768?
6
What is the tens digit of 147803?
0
What is the hundreds digit of 3132799?
7
What is the millions digit of 3597340?
3
What is the units digit of 703130?
0
What is the ten thousands digit of 1129379?
2
What is the millions digit of 15560144?
5
What is the hundreds digit of 6543642?
6
What is the hundred thousands digit of 4028343?
0
What is the hundreds digit of 1647058?
0
What is the tens digit of 13655033?
3
What is the ten thousands digit of 17207345?
0
What is the thousands digit of 2116285?
6
What is the units digit of 12677237?
7
What is the ten thousands digit of 959078?
5
What is the thousands digit of 19316067?
6
What is the thousands digit of 166422?
6
What is the hundred thousands digit of 1017580?
0
What is the hundreds digit of 138870?
8
What is the millions digit of 18254895?
8
What is the units digit of 735001?
1
What is the hundred thousands digit of 1093974?
0
What is the hundred thousands digit of 2702388?
7
What is the hundreds digit of 602468?
4
What is the hundred thousands digit of 832983?
8
What is the tens digit of 2444239?
3
What is the tens digit of 3295657?
5
What is the ten thousands digit of 487548?
8
What is the tens digit of 1685530?
3
What is the ten thousands digit of 1737605?
3
What is the hundred thousands digit of 300883?
3
What is the ten thousands digit of 615860?
1
What is the hundred thousands digit of 1574175?
5
What is the tens digit of 1151820?
2
What is the ten thousands digit of 1137582?
3
What is the hundred thousands digit of 2522250?
5
What is the ten thousands digit of 1275167?
7
What is the hundred thousands digit of 284950?
2
What is the hundred thousands digit of 950121?
9
What is the ten thousands digit of 8730882?
3
What is the millions digit of 4428564?
4
What is the hundreds digit of 151564?
5
What is the hundreds digit of 1033961?
9
What is the units digit of 18609602?
2
What is the hundreds digit of 18314326?
3
What is the ten thousands digit of 101127?
0
What is the tens digit of 687728?
2
What is the thousands digit of 23833282?
3
What is the units digit of 17706932?
2
What is the ten thousands digit of 297868?
9
What is the ten millions digit of 17784521?
1
What is the ten thousands digit of 2631101?
3
What is the tens digit of 177735?
3
What is the hundred thousands digit of 310191?
3
What is the hundred thousands digit of 847345?
8
What is the ten thousands digit of 737968?
3
What is the tens digit of 15374478?
7
What is the hundred thousands digit of 1362234?
3
What is the ten millions digit of 26351661?
2
What is the hundreds digit of 11984130?
1
What is the millions digit of 2223262?
2
What is the hundreds digit of 25681899?
8
What is the millions digit of 3198501?
3
What is the units digit of 1853658?
8
What is the units digit of 6504984?
4
What is the thousands digit of 460480?
0
What is the hundreds digit of 510497?
4
What is the ten thousands digit of 11688465?
8
What is the thousands digit of 492837?
2
What is the hundred thousands digit of 154467?
1
What is the ten thousands digit of 2710664?
1
What is the hundred thousands digit of 739471?
7
What is the hundreds digit of 2203040?
0
What is the units digit of 1499010?
0
What is the tens digit of 54394?
9
What is the thousands digit of 1575558?
5
What is the hundreds digit of 317967?
9
What is the units digit of 390102?
2
What is the tens digit of 54743?
4
What is the ten thousands digit of 18850?
1
What is the thousands digit of 5705971?
5
What is the units digit of 65635?
5
What is the thousands digit of 357284?
7
What is the ten thousands digit of 524434?
2
What is the units digit of 8900049?
9
What is the units digit of 403228?
8
What is the ten thousands digit of 372400?
7
What is the units digit of 6246123?
3
What is the hundred thousands digit of 1956340?
9
What is the ten thousands digit of 4258208?
5
What is the units digit of 403261?
1
What is the hundreds digit of 39328?
3
What is the hundred thousands digit of 2068235?
0
What is the millions digit of 4764584?
4
What is the hundred thousands digit of 484869?
4
What is the units digit of 13789760?
0
What is the tens digit of 51861?
6
What is the units digit of 442774?
4
What is the tens digit of 36883?
8
What is the hundred thousands digit of 30895281?
8
What is the hundreds digit of 1277777?
7
What is the hundreds digit of 6603341?
3
What is the units digit of 524418?
8
What is the hundred thousands digit of 878600?
8
What is the thousands digit of 10720?
0
What is the tens digit of 1229984?
8
What is the tens digit of 3428698?
9
What is the ten thousands digit of 498586?
9
What is the ten thousands digit of 14660839?
6
What is the units digit of 433431?
1
What is the hundred thousands digit of 662664?
6
What is the millions digit of 5175739?
5
What is the thousands digit of 1684604?
4
What is the ten thousands digit of 19608?
1
What is the tens digit of 334700?
0
What is the millions digit of 3300678?
3
What is the ten thousands digit of 334451?
3
What is the hundreds digit of 1656156?
1
What is the thousands digit of 950581?
0
What is the units digit of 2162678?
8
What is the thousands digit of 1528676?
8
What is the ten thousands digit of 2522336?
2
What is the units digit of 1446391?
1
What is the ten thousands digit of 89589?
8
What is the hundred thousands digit of 202495?
2
What is the units digit of 574189?
9
What is the thousands digit of 268004?
8
What is the units digit of 4862878?
8
What is the thousands digit of 6517901?
7
What is the hundreds digit of 186618?
6
What is the units digit of 389022?
2
What is the thousands digit of 9398146?
8
What is the millions digit of 34553993?
4
What is the thousands digit of 17995372?
5
What is the hundred thousands digit of 1788632?
7
What is the units digit of 4150566?
6
What is the units